{"id":3,"date":"2026-03-29T22:28:47","date_gmt":"2026-03-29T20:28:47","guid":{"rendered":"https:\/\/www.virta.sk\/blog\/?page_id=3"},"modified":"2026-03-30T13:56:21","modified_gmt":"2026-03-30T11:56:21","slug":"ochrana-sukromia","status":"publish","type":"page","link":"https:\/\/www.virta.sk\/blog\/ochrana-sukromia\/","title":{"rendered":"Z\u00e1sady ochrany osobn\u00fdch \u00fadajov"},"content":{"rendered":"\n<h2 class=\"wp-block-heading\">Kto sme<\/h2>\n\n\n\n<p><strong>VIRTA s.r.o.<\/strong><br>Vajnorsk\u00e1 100\/B Polus Towers<br>831 04 Bratislava<\/p>\n\n\n\n<p>Pln\u00e9 znenie dokumentu tu: <a href=\"..\/zasady_spracuvania_osobnych_udajov.html\" type=\"link\" id=\"..\/zasady_spracuvania_osobnych_udajov.html\">Z\u00c1SADY SPRAC\u00daVANIA OSOBN\u00ddCH \u00daDAJOV (GDPR)<\/a><\/p>\n\n\n\n<h2 class=\"wp-block-heading\">Koment\u00e1re v blogu<\/h2>\n\n\n\n<p>Ke\u010f n\u00e1v\u0161tevn\u00edci webu zanechavaj\u00fa na str\u00e1nke koment\u00e1re, zbierame \u00fadaje, ktor\u00e9 s\u00fa zobrazen\u00e9 vo formul\u00e1ri koment\u00e1ra a taktie\u017e IP adresu pou\u017e\u00edvate\u013eov a User Agent prehliada\u010da z d\u00f4vodu ochrany proti spamu.<\/p>\n\n\n\n<p>Anonymizovan\u00fd re\u0165azec vytvoren\u00fd z va\u0161ej e-mailovej adresy (naz\u00fdvan\u00fd aj hash) m\u00f4\u017ee by\u0165 poskytnut\u00fd slu\u017ebe Gravatar pre overenie, \u010di ju pou\u017e\u00edvate. Z\u00e1sady ochrany osobn\u00fdch \u00fadajov slu\u017eby Gravatar n\u00e1jdete na: https:\/\/automattic.com\/privacy\/. Po schv\u00e1len\u00ed v\u00e1\u0161ho koment\u00e1ra bude va\u0161a profilov\u00e1 fotografia verejne zobrazen\u00e1 spolu s obsahom v\u00e1\u0161ho koment\u00e1ra.<\/p>\n\n\n\n<h2 class=\"wp-block-heading\">Multim\u00e9di\u00e1 v blogu<\/h2>\n\n\n\n<p>Pri nahr\u00e1van\u00ed obr\u00e1zkov na webov\u00fa str\u00e1nku by ste sa mali vyhn\u00fa\u0165 nahr\u00e1vaniu obr\u00e1zkov s EXIF GPS \u00fadajmi o polohe. N\u00e1v\u0161tevn\u00edci webu m\u00f4\u017eu stiahnu\u0165 a zobrazi\u0165 ak\u00e9ko\u013evek \u00fadaje o polohe z obr\u00e1zkov.<\/p>\n\n\n\n<p><\/p>\n","protected":false},"excerpt":{"rendered":"<p>Kto sme VIRTA s.r.o.Vajnorsk\u00e1 100\/B Polus Towers831 04 Bratislava Pln\u00e9 znenie dokumentu tu: Z\u00c1SADY SPRAC\u00daVANIA OSOBN\u00ddCH \u00daDAJOV (GDPR) Koment\u00e1re v blogu Ke\u010f n\u00e1v\u0161tevn\u00edci webu zanechavaj\u00fa na str\u00e1nke koment\u00e1re, zbierame \u00fadaje, ktor\u00e9 s\u00fa zobrazen\u00e9 vo formul\u00e1ri koment\u00e1ra a taktie\u017e IP adresu pou\u017e\u00edvate\u013eov a User Agent prehliada\u010da z d\u00f4vodu ochrany proti spamu. Anonymizovan\u00fd re\u0165azec vytvoren\u00fd z va\u0161ej [&hellip;]<\/p>\n","protected":false},"author":1,"featured_media":0,"parent":0,"menu_order":0,"comment_status":"closed","ping_status":"open","template":"","meta":{"_monsterinsights_skip_tracking":false,"_monsterinsights_sitenote_active":false,"_monsterinsights_sitenote_note":"","_monsterinsights_sitenote_category":0,"footnotes":""},"class_list":["post-3","page","type-page","status-publish","hentry"],"yoast_head":"<!-- This site is optimized with the Yoast SEO plugin v27.4 - https:\/\/yoast.com\/product\/yoast-seo-wordpress\/ -->\n<title>Z\u00e1sady ochrany osobn\u00fdch \u00fadajov - VIRTA knowledge base<\/title>\n<meta name=\"robots\" content=\"index, follow, max-snippet:-1, max-image-preview:large, max-video-preview:-1\" \/>\n<link rel=\"canonical\" href=\"https:\/\/www.virta.sk\/blog\/ochrana-sukromia\/\" \/>\n<meta property=\"og:locale\" content=\"sk_SK\" \/>\n<meta property=\"og:type\" content=\"article\" \/>\n<meta property=\"og:title\" content=\"Z\u00e1sady ochrany osobn\u00fdch \u00fadajov - VIRTA knowledge base\" \/>\n<meta property=\"og:description\" content=\"Kto sme VIRTA s.r.o.Vajnorsk\u00e1 100\/B Polus Towers831 04 Bratislava Pln\u00e9 znenie dokumentu tu: Z\u00c1SADY SPRAC\u00daVANIA OSOBN\u00ddCH \u00daDAJOV (GDPR) Koment\u00e1re v blogu Ke\u010f n\u00e1v\u0161tevn\u00edci webu zanechavaj\u00fa na str\u00e1nke koment\u00e1re, zbierame \u00fadaje, ktor\u00e9 s\u00fa zobrazen\u00e9 vo formul\u00e1ri koment\u00e1ra a taktie\u017e IP adresu pou\u017e\u00edvate\u013eov a User Agent prehliada\u010da z d\u00f4vodu ochrany proti spamu. Anonymizovan\u00fd re\u0165azec vytvoren\u00fd z va\u0161ej [&hellip;]\" \/>\n<meta property=\"og:url\" content=\"https:\/\/www.virta.sk\/blog\/ochrana-sukromia\/\" \/>\n<meta property=\"og:site_name\" content=\"VIRTA knowledge base\" \/>\n<meta property=\"article:modified_time\" content=\"2026-03-30T11:56:21+00:00\" \/>\n<meta name=\"twitter:card\" content=\"summary_large_image\" \/>\n<meta name=\"twitter:label1\" content=\"Predpokladan\u00fd \u010das \u010d\u00edtania\" \/>\n\t<meta name=\"twitter:data1\" content=\"1 min\u00fata\" \/>\n<script type=\"application\/ld+json\" class=\"yoast-schema-graph\">{\"@context\":\"https:\\\/\\\/schema.org\",\"@graph\":[{\"@type\":\"WebPage\",\"@id\":\"https:\\\/\\\/www.virta.sk\\\/blog\\\/ochrana-sukromia\\\/\",\"url\":\"https:\\\/\\\/www.virta.sk\\\/blog\\\/ochrana-sukromia\\\/\",\"name\":\"Z\u00e1sady ochrany osobn\u00fdch \u00fadajov - VIRTA knowledge base\",\"isPartOf\":{\"@id\":\"https:\\\/\\\/www.virta.sk\\\/blog\\\/#website\"},\"datePublished\":\"2026-03-29T20:28:47+00:00\",\"dateModified\":\"2026-03-30T11:56:21+00:00\",\"breadcrumb\":{\"@id\":\"https:\\\/\\\/www.virta.sk\\\/blog\\\/ochrana-sukromia\\\/#breadcrumb\"},\"inLanguage\":\"sk-SK\",\"potentialAction\":[{\"@type\":\"ReadAction\",\"target\":[\"https:\\\/\\\/www.virta.sk\\\/blog\\\/ochrana-sukromia\\\/\"]}]},{\"@type\":\"BreadcrumbList\",\"@id\":\"https:\\\/\\\/www.virta.sk\\\/blog\\\/ochrana-sukromia\\\/#breadcrumb\",\"itemListElement\":[{\"@type\":\"ListItem\",\"position\":1,\"name\":\"Domovsk\u00e1 str\u00e1nka\",\"item\":\"https:\\\/\\\/www.virta.sk\\\/blog\\\/\"},{\"@type\":\"ListItem\",\"position\":2,\"name\":\"Z\u00e1sady ochrany osobn\u00fdch \u00fadajov\"}]},{\"@type\":\"WebSite\",\"@id\":\"https:\\\/\\\/www.virta.sk\\\/blog\\\/#website\",\"url\":\"https:\\\/\\\/www.virta.sk\\\/blog\\\/\",\"name\":\"VIRTA knowledge base\",\"description\":\"Odpovede na ot\u00e1zky z HR, compliance a AI. Stru\u010dn\u00e9 vysvetlenia, praktick\u00e9 kroky a pr\u00edklady pre firmy.\",\"publisher\":{\"@id\":\"https:\\\/\\\/www.virta.sk\\\/blog\\\/#organization\"},\"potentialAction\":[{\"@type\":\"SearchAction\",\"target\":{\"@type\":\"EntryPoint\",\"urlTemplate\":\"https:\\\/\\\/www.virta.sk\\\/blog\\\/?s={search_term_string}\"},\"query-input\":{\"@type\":\"PropertyValueSpecification\",\"valueRequired\":true,\"valueName\":\"search_term_string\"}}],\"inLanguage\":\"sk-SK\"},{\"@type\":\"Organization\",\"@id\":\"https:\\\/\\\/www.virta.sk\\\/blog\\\/#organization\",\"name\":\"VIRTA s.r.o.\",\"url\":\"https:\\\/\\\/www.virta.sk\\\/blog\\\/\",\"logo\":{\"@type\":\"ImageObject\",\"inLanguage\":\"sk-SK\",\"@id\":\"https:\\\/\\\/www.virta.sk\\\/blog\\\/#\\\/schema\\\/logo\\\/image\\\/\",\"url\":\"https:\\\/\\\/www.virta.sk\\\/blog\\\/wp-content\\\/uploads\\\/2026\\\/03\\\/unnamed.png\",\"contentUrl\":\"https:\\\/\\\/www.virta.sk\\\/blog\\\/wp-content\\\/uploads\\\/2026\\\/03\\\/unnamed.png\",\"width\":346,\"height\":346,\"caption\":\"VIRTA s.r.o.\"},\"image\":{\"@id\":\"https:\\\/\\\/www.virta.sk\\\/blog\\\/#\\\/schema\\\/logo\\\/image\\\/\"},\"sameAs\":[\"https:\\\/\\\/www.linkedin.com\\\/company\\\/virta\\\/\"]}]}<\/script>\n<!-- \/ Yoast SEO plugin. -->","yoast_head_json":{"title":"Z\u00e1sady ochrany osobn\u00fdch \u00fadajov - VIRTA knowledge base","robots":{"index":"index","follow":"follow","max-snippet":"max-snippet:-1","max-image-preview":"max-image-preview:large","max-video-preview":"max-video-preview:-1"},"canonical":"https:\/\/www.virta.sk\/blog\/ochrana-sukromia\/","og_locale":"sk_SK","og_type":"article","og_title":"Z\u00e1sady ochrany osobn\u00fdch \u00fadajov - VIRTA knowledge base","og_description":"Kto sme VIRTA s.r.o.Vajnorsk\u00e1 100\/B Polus Towers831 04 Bratislava Pln\u00e9 znenie dokumentu tu: Z\u00c1SADY SPRAC\u00daVANIA OSOBN\u00ddCH \u00daDAJOV (GDPR) Koment\u00e1re v blogu Ke\u010f n\u00e1v\u0161tevn\u00edci webu zanechavaj\u00fa na str\u00e1nke koment\u00e1re, zbierame \u00fadaje, ktor\u00e9 s\u00fa zobrazen\u00e9 vo formul\u00e1ri koment\u00e1ra a taktie\u017e IP adresu pou\u017e\u00edvate\u013eov a User Agent prehliada\u010da z d\u00f4vodu ochrany proti spamu. Anonymizovan\u00fd re\u0165azec vytvoren\u00fd z va\u0161ej [&hellip;]","og_url":"https:\/\/www.virta.sk\/blog\/ochrana-sukromia\/","og_site_name":"VIRTA knowledge base","article_modified_time":"2026-03-30T11:56:21+00:00","twitter_card":"summary_large_image","twitter_misc":{"Predpokladan\u00fd \u010das \u010d\u00edtania":"1 min\u00fata"},"schema":{"@context":"https:\/\/schema.org","@graph":[{"@type":"WebPage","@id":"https:\/\/www.virta.sk\/blog\/ochrana-sukromia\/","url":"https:\/\/www.virta.sk\/blog\/ochrana-sukromia\/","name":"Z\u00e1sady ochrany osobn\u00fdch \u00fadajov - VIRTA knowledge base","isPartOf":{"@id":"https:\/\/www.virta.sk\/blog\/#website"},"datePublished":"2026-03-29T20:28:47+00:00","dateModified":"2026-03-30T11:56:21+00:00","breadcrumb":{"@id":"https:\/\/www.virta.sk\/blog\/ochrana-sukromia\/#breadcrumb"},"inLanguage":"sk-SK","potentialAction":[{"@type":"ReadAction","target":["https:\/\/www.virta.sk\/blog\/ochrana-sukromia\/"]}]},{"@type":"BreadcrumbList","@id":"https:\/\/www.virta.sk\/blog\/ochrana-sukromia\/#breadcrumb","itemListElement":[{"@type":"ListItem","position":1,"name":"Domovsk\u00e1 str\u00e1nka","item":"https:\/\/www.virta.sk\/blog\/"},{"@type":"ListItem","position":2,"name":"Z\u00e1sady ochrany osobn\u00fdch \u00fadajov"}]},{"@type":"WebSite","@id":"https:\/\/www.virta.sk\/blog\/#website","url":"https:\/\/www.virta.sk\/blog\/","name":"VIRTA knowledge base","description":"Odpovede na ot\u00e1zky z HR, compliance a AI. Stru\u010dn\u00e9 vysvetlenia, praktick\u00e9 kroky a pr\u00edklady pre firmy.","publisher":{"@id":"https:\/\/www.virta.sk\/blog\/#organization"},"potentialAction":[{"@type":"SearchAction","target":{"@type":"EntryPoint","urlTemplate":"https:\/\/www.virta.sk\/blog\/?s={search_term_string}"},"query-input":{"@type":"PropertyValueSpecification","valueRequired":true,"valueName":"search_term_string"}}],"inLanguage":"sk-SK"},{"@type":"Organization","@id":"https:\/\/www.virta.sk\/blog\/#organization","name":"VIRTA s.r.o.","url":"https:\/\/www.virta.sk\/blog\/","logo":{"@type":"ImageObject","inLanguage":"sk-SK","@id":"https:\/\/www.virta.sk\/blog\/#\/schema\/logo\/image\/","url":"https:\/\/www.virta.sk\/blog\/wp-content\/uploads\/2026\/03\/unnamed.png","contentUrl":"https:\/\/www.virta.sk\/blog\/wp-content\/uploads\/2026\/03\/unnamed.png","width":346,"height":346,"caption":"VIRTA s.r.o."},"image":{"@id":"https:\/\/www.virta.sk\/blog\/#\/schema\/logo\/image\/"},"sameAs":["https:\/\/www.linkedin.com\/company\/virta\/"]}]}},"jetpack_sharing_enabled":true,"_links":{"self":[{"href":"https:\/\/www.virta.sk\/blog\/wp-json\/wp\/v2\/pages\/3","targetHints":{"allow":["GET"]}}],"collection":[{"href":"https:\/\/www.virta.sk\/blog\/wp-json\/wp\/v2\/pages"}],"about":[{"href":"https:\/\/www.virta.sk\/blog\/wp-json\/wp\/v2\/types\/page"}],"author":[{"embeddable":true,"href":"https:\/\/www.virta.sk\/blog\/wp-json\/wp\/v2\/users\/1"}],"replies":[{"embeddable":true,"href":"https:\/\/www.virta.sk\/blog\/wp-json\/wp\/v2\/comments?post=3"}],"version-history":[{"count":2,"href":"https:\/\/www.virta.sk\/blog\/wp-json\/wp\/v2\/pages\/3\/revisions"}],"predecessor-version":[{"id":33,"href":"https:\/\/www.virta.sk\/blog\/wp-json\/wp\/v2\/pages\/3\/revisions\/33"}],"wp:attachment":[{"href":"https:\/\/www.virta.sk\/blog\/wp-json\/wp\/v2\/media?parent=3"}],"curies":[{"name":"wp","href":"https:\/\/api.w.org\/{rel}","templated":true}]}}