{"id":29,"date":"2026-03-30T13:46:46","date_gmt":"2026-03-30T11:46:46","guid":{"rendered":"https:\/\/www.virta.sk\/blog\/cookie-policy\/"},"modified":"2026-03-30T13:47:54","modified_gmt":"2026-03-30T11:47:54","slug":"cookie-policy","status":"publish","type":"page","link":"https:\/\/www.virta.sk\/blog\/cookie-policy\/","title":{"rendered":"Z\u00e1sady pou\u017e\u00edvania s\u00faborov cookie"},"content":{"rendered":"\n<p>T\u00e1to str\u00e1nka obsahuje komplexn\u00e9 inform\u00e1cie o tom, ako na na\u0161ej webovej str\u00e1nke pou\u017e\u00edvame s\u00fabory cookie s cie\u013eom zlep\u0161i\u0165 va\u0161e prehliadanie, zv\u00fd\u0161i\u0165 v\u00fdkonnos\u0165 webovej str\u00e1nky a poskytova\u0165 personalizovan\u00fd obsah. S\u00fabory cookie s\u00fa mal\u00e9 textov\u00e9 s\u00fabory, ktor\u00e9 sa ukladaj\u00fa do v\u00e1\u0161ho zariadenia pri n\u00e1v\u0161teve na\u0161ej str\u00e1nky. Pom\u00e1haj\u00fa n\u00e1m pochopi\u0165, ako n\u00e1v\u0161tevn\u00edci s na\u0161ou webovou str\u00e1nkou pracuj\u00fa, \u010do n\u00e1m umo\u017e\u0148uje pon\u00faka\u0165 plynulej\u0161ie a efekt\u00edvnej\u0161ie pou\u017e\u00edvate\u013esk\u00e9 prostredie. V tabu\u013eke ni\u017e\u0161ie n\u00e1jdete podrobn\u00e9 inform\u00e1cie o ka\u017edom type s\u00faborov cookie, ktor\u00e9 pou\u017e\u00edvame, o ich \u00fa\u010dele a o tom, ako dlho zost\u00e1vaj\u00fa vo va\u0161om zariaden\u00ed. Zaviazali sme sa re\u0161pektova\u0165 va\u0161e s\u00fakromie a zabezpe\u010di\u0165 transparentnos\u0165 \u00fadajov, ktor\u00e9 zhroma\u017e\u010fujeme prostredn\u00edctvom s\u00faborov cookie. \u010eal\u0161ie inform\u00e1cie o tom, ako naklad\u00e1me s va\u0161imi osobn\u00fdmi \u00fadajmi, n\u00e1jdete v na\u0161ich Z\u00e1sad\u00e1ch ochrany osobn\u00fdch \u00fadajov.<\/p>\n\n\n<div class=\"wpconsent-cookie-policy\"><h2 class=\"wpconsent-cookie-category-name\">Z\u00e1kladn\u00e9<\/h2><p class=\"wpconsent-cookie-category-description\">Z\u00e1kladn\u00e9 s\u00fabory cookie umo\u017e\u0148uj\u00fa fungovanie z\u00e1kladn\u00fdch funkci\u00ed a s\u00fa nevyhnutn\u00e9 pre spr\u00e1vne fungovanie webovej str\u00e1nky.<\/p><table class=\"wpconsent-cookie-policy-table\"><tr><th>Name<\/th><th>Description<\/th><th>Duration<\/th><\/tr><tr><td>wpconsent_preferences<\/td><td>Tento s\u00fabor cookie sl\u00fa\u017ei na ukladanie nastaven\u00ed s\u00fahlasu pou\u017e\u00edvate\u013ea so s\u00fabormi cookie.<\/td><td>30 days<\/td><\/tr><\/table><h3 class=\"wpconsent-cookie-service-name\">Koment\u00e1re<\/h3><p class=\"wpconsent-cookie-service-description\">Tieto s\u00fabory cookie s\u00fa potrebn\u00e9 na prid\u00e1vanie koment\u00e1rov na tejto webovej str\u00e1nke.<\/p><table class=\"wpconsent-cookie-policy-table\"><tr><th>Name<\/th><th>Description<\/th><th>Duration<\/th><\/tr><tr><td>comment_author<\/td><td>Sl\u00fa\u017ei na sledovanie pou\u017e\u00edvate\u013ea po\u010das viacer\u00fdch rel\u00e1ci\u00ed.<\/td><td>Session<\/td><\/tr><tr><td>comment_author_email<\/td><td>Sl\u00fa\u017ei na sledovanie pou\u017e\u00edvate\u013ea po\u010das viacer\u00fdch rel\u00e1ci\u00ed.<\/td><td>Session<\/td><\/tr><tr><td>comment_author_url<\/td><td>Sl\u00fa\u017ei na sledovanie pou\u017e\u00edvate\u013ea po\u010das viacer\u00fdch rel\u00e1ci\u00ed.<\/td><td>Session<\/td><\/tr><\/table><h2 class=\"wpconsent-cookie-category-name\">\u0160tatistick\u00e9<\/h2><p class=\"wpconsent-cookie-category-description\">\u0160tatistick\u00e9 s\u00fabory cookie zbieraj\u00fa inform\u00e1cie anonymne. Tieto inform\u00e1cie n\u00e1m pom\u00e1haj\u00fa pochopi\u0165, ako n\u00e1v\u0161tevn\u00edci vyu\u017e\u00edvaj\u00fa na\u0161u webov\u00fa str\u00e1nku.<\/p><h3 class=\"wpconsent-cookie-service-name\">Google Analytics<\/h3><p class=\"wpconsent-cookie-service-description\">Google Analytics je v\u00fdkonn\u00fd n\u00e1stroj, ktor\u00fd sleduje a analyzuje n\u00e1v\u0161tevnos\u0165 webov\u00fdch str\u00e1nok s cie\u013eom umo\u017eni\u0165 prij\u00edmanie informovan\u00fdch marketingov\u00fdch rozhodnut\u00ed.<\/p><a href=\"https:\/\/policies.google.com\/privacy\">Learn more<\/a><table class=\"wpconsent-cookie-policy-table\"><tr><th>Name<\/th><th>Description<\/th><th>Duration<\/th><\/tr><tr><td>_gac_<\/td><td>Contains information related to marketing campaigns of the user. These are shared with Google AdWords \/ Google Ads when the Google Ads and Google Analytics accounts are linked together.<\/td><td>90 days<\/td><\/tr><tr><td>__utma<\/td><td>ID used to identify users and sessions<\/td><td>2 years after last activity<\/td><\/tr><tr><td>__utmt<\/td><td>Used to monitor number of Google Analytics server requests<\/td><td>10 minutes<\/td><\/tr><tr><td>__utmb<\/td><td>Used to distinguish new sessions and visits. This cookie is set when the GA.js javascript library is loaded and there is no existing __utmb cookie. The cookie is updated every time data is sent to the Google Analytics server.<\/td><td>30 minutes after last activity<\/td><\/tr><tr><td>__utmc<\/td><td>Used only with old Urchin versions of Google Analytics and not with GA.js. Was used to distinguish between new sessions and visits at the end of a session.<\/td><td>End of session (browser)<\/td><\/tr><tr><td>__utmz<\/td><td>Contains information about the traffic source or campaign that directed user to the website. The cookie is set when the GA.js javascript is loaded and updated when data is sent to the Google Anaytics server<\/td><td>6 months after last activity<\/td><\/tr><tr><td>__utmv<\/td><td>Contains custom information set by the web developer via the _setCustomVar method in Google Analytics. This cookie is updated every time new data is sent to the Google Analytics server.<\/td><td>2 years after last activity<\/td><\/tr><tr><td>__utmx<\/td><td>Used to determine whether a user is included in an A \/ B or Multivariate test.<\/td><td>18 months<\/td><\/tr><tr><td>_ga<\/td><td>ID used to identify users<\/td><td>2 years<\/td><\/tr><tr><td>_gali<\/td><td>Used by Google Analytics to determine which links on a page are being clicked<\/td><td>30 seconds<\/td><\/tr><tr><td>_ga_<\/td><td>ID used to identify users<\/td><td>2 years<\/td><\/tr><tr><td>_gid<\/td><td>ID used to identify users for 24 hours after last activity<\/td><td>24 hours<\/td><\/tr><tr><td>_gat<\/td><td>Used to monitor number of Google Analytics server requests when using Google Tag Manager<\/td><td>1 minute<\/td><\/tr><\/table><\/div>\n","protected":false},"excerpt":{"rendered":"<p>T\u00e1to str\u00e1nka obsahuje komplexn\u00e9 inform\u00e1cie o tom, ako na na\u0161ej webovej str\u00e1nke pou\u017e\u00edvame s\u00fabory cookie s cie\u013eom zlep\u0161i\u0165 va\u0161e prehliadanie, zv\u00fd\u0161i\u0165 v\u00fdkonnos\u0165 webovej str\u00e1nky a poskytova\u0165 personalizovan\u00fd obsah. S\u00fabory cookie s\u00fa mal\u00e9 textov\u00e9 s\u00fabory, ktor\u00e9 sa ukladaj\u00fa do v\u00e1\u0161ho zariadenia pri n\u00e1v\u0161teve na\u0161ej str\u00e1nky. Pom\u00e1haj\u00fa n\u00e1m pochopi\u0165, ako n\u00e1v\u0161tevn\u00edci s na\u0161ou webovou str\u00e1nkou pracuj\u00fa, \u010do [&hellip;]<\/p>\n","protected":false},"author":1,"featured_media":0,"parent":0,"menu_order":0,"comment_status":"closed","ping_status":"closed","template":"page-with-title","meta":{"_monsterinsights_skip_tracking":false,"_monsterinsights_sitenote_active":false,"_monsterinsights_sitenote_note":"","_monsterinsights_sitenote_category":0,"footnotes":""},"class_list":["post-29","page","type-page","status-publish","hentry"],"yoast_head":"<!-- This site is optimized with the Yoast SEO plugin v27.4 - https:\/\/yoast.com\/product\/yoast-seo-wordpress\/ -->\n<title>Z\u00e1sady pou\u017e\u00edvania s\u00faborov cookie - VIRTA knowledge base<\/title>\n<meta name=\"robots\" content=\"index, follow, max-snippet:-1, max-image-preview:large, max-video-preview:-1\" \/>\n<link rel=\"canonical\" href=\"https:\/\/www.virta.sk\/blog\/cookie-policy\/\" \/>\n<meta property=\"og:locale\" content=\"sk_SK\" \/>\n<meta property=\"og:type\" content=\"article\" \/>\n<meta property=\"og:title\" content=\"Z\u00e1sady pou\u017e\u00edvania s\u00faborov cookie - VIRTA knowledge base\" \/>\n<meta property=\"og:description\" content=\"T\u00e1to str\u00e1nka obsahuje komplexn\u00e9 inform\u00e1cie o tom, ako na na\u0161ej webovej str\u00e1nke pou\u017e\u00edvame s\u00fabory cookie s cie\u013eom zlep\u0161i\u0165 va\u0161e prehliadanie, zv\u00fd\u0161i\u0165 v\u00fdkonnos\u0165 webovej str\u00e1nky a poskytova\u0165 personalizovan\u00fd obsah. S\u00fabory cookie s\u00fa mal\u00e9 textov\u00e9 s\u00fabory, ktor\u00e9 sa ukladaj\u00fa do v\u00e1\u0161ho zariadenia pri n\u00e1v\u0161teve na\u0161ej str\u00e1nky. Pom\u00e1haj\u00fa n\u00e1m pochopi\u0165, ako n\u00e1v\u0161tevn\u00edci s na\u0161ou webovou str\u00e1nkou pracuj\u00fa, \u010do [&hellip;]\" \/>\n<meta property=\"og:url\" content=\"https:\/\/www.virta.sk\/blog\/cookie-policy\/\" \/>\n<meta property=\"og:site_name\" content=\"VIRTA knowledge base\" \/>\n<meta property=\"article:modified_time\" content=\"2026-03-30T11:47:54+00:00\" \/>\n<meta name=\"twitter:card\" content=\"summary_large_image\" \/>\n<meta name=\"twitter:label1\" content=\"Predpokladan\u00fd \u010das \u010d\u00edtania\" \/>\n\t<meta name=\"twitter:data1\" content=\"1 min\u00fata\" \/>\n<script type=\"application\/ld+json\" class=\"yoast-schema-graph\">{\"@context\":\"https:\\\/\\\/schema.org\",\"@graph\":[{\"@type\":\"WebPage\",\"@id\":\"https:\\\/\\\/www.virta.sk\\\/blog\\\/cookie-policy\\\/\",\"url\":\"https:\\\/\\\/www.virta.sk\\\/blog\\\/cookie-policy\\\/\",\"name\":\"Z\u00e1sady pou\u017e\u00edvania s\u00faborov cookie - VIRTA knowledge base\",\"isPartOf\":{\"@id\":\"https:\\\/\\\/www.virta.sk\\\/blog\\\/#website\"},\"datePublished\":\"2026-03-30T11:46:46+00:00\",\"dateModified\":\"2026-03-30T11:47:54+00:00\",\"breadcrumb\":{\"@id\":\"https:\\\/\\\/www.virta.sk\\\/blog\\\/cookie-policy\\\/#breadcrumb\"},\"inLanguage\":\"sk-SK\",\"potentialAction\":[{\"@type\":\"ReadAction\",\"target\":[\"https:\\\/\\\/www.virta.sk\\\/blog\\\/cookie-policy\\\/\"]}]},{\"@type\":\"BreadcrumbList\",\"@id\":\"https:\\\/\\\/www.virta.sk\\\/blog\\\/cookie-policy\\\/#breadcrumb\",\"itemListElement\":[{\"@type\":\"ListItem\",\"position\":1,\"name\":\"Domovsk\u00e1 str\u00e1nka\",\"item\":\"https:\\\/\\\/www.virta.sk\\\/blog\\\/\"},{\"@type\":\"ListItem\",\"position\":2,\"name\":\"Z\u00e1sady pou\u017e\u00edvania s\u00faborov cookie\"}]},{\"@type\":\"WebSite\",\"@id\":\"https:\\\/\\\/www.virta.sk\\\/blog\\\/#website\",\"url\":\"https:\\\/\\\/www.virta.sk\\\/blog\\\/\",\"name\":\"VIRTA knowledge base\",\"description\":\"Odpovede na ot\u00e1zky z HR, compliance a AI. Stru\u010dn\u00e9 vysvetlenia, praktick\u00e9 kroky a pr\u00edklady pre firmy.\",\"publisher\":{\"@id\":\"https:\\\/\\\/www.virta.sk\\\/blog\\\/#organization\"},\"potentialAction\":[{\"@type\":\"SearchAction\",\"target\":{\"@type\":\"EntryPoint\",\"urlTemplate\":\"https:\\\/\\\/www.virta.sk\\\/blog\\\/?s={search_term_string}\"},\"query-input\":{\"@type\":\"PropertyValueSpecification\",\"valueRequired\":true,\"valueName\":\"search_term_string\"}}],\"inLanguage\":\"sk-SK\"},{\"@type\":\"Organization\",\"@id\":\"https:\\\/\\\/www.virta.sk\\\/blog\\\/#organization\",\"name\":\"VIRTA s.r.o.\",\"url\":\"https:\\\/\\\/www.virta.sk\\\/blog\\\/\",\"logo\":{\"@type\":\"ImageObject\",\"inLanguage\":\"sk-SK\",\"@id\":\"https:\\\/\\\/www.virta.sk\\\/blog\\\/#\\\/schema\\\/logo\\\/image\\\/\",\"url\":\"https:\\\/\\\/www.virta.sk\\\/blog\\\/wp-content\\\/uploads\\\/2026\\\/03\\\/unnamed.png\",\"contentUrl\":\"https:\\\/\\\/www.virta.sk\\\/blog\\\/wp-content\\\/uploads\\\/2026\\\/03\\\/unnamed.png\",\"width\":346,\"height\":346,\"caption\":\"VIRTA s.r.o.\"},\"image\":{\"@id\":\"https:\\\/\\\/www.virta.sk\\\/blog\\\/#\\\/schema\\\/logo\\\/image\\\/\"},\"sameAs\":[\"https:\\\/\\\/www.linkedin.com\\\/company\\\/virta\\\/\"]}]}<\/script>\n<!-- \/ Yoast SEO plugin. -->","yoast_head_json":{"title":"Z\u00e1sady pou\u017e\u00edvania s\u00faborov cookie - VIRTA knowledge base","robots":{"index":"index","follow":"follow","max-snippet":"max-snippet:-1","max-image-preview":"max-image-preview:large","max-video-preview":"max-video-preview:-1"},"canonical":"https:\/\/www.virta.sk\/blog\/cookie-policy\/","og_locale":"sk_SK","og_type":"article","og_title":"Z\u00e1sady pou\u017e\u00edvania s\u00faborov cookie - VIRTA knowledge base","og_description":"T\u00e1to str\u00e1nka obsahuje komplexn\u00e9 inform\u00e1cie o tom, ako na na\u0161ej webovej str\u00e1nke pou\u017e\u00edvame s\u00fabory cookie s cie\u013eom zlep\u0161i\u0165 va\u0161e prehliadanie, zv\u00fd\u0161i\u0165 v\u00fdkonnos\u0165 webovej str\u00e1nky a poskytova\u0165 personalizovan\u00fd obsah. S\u00fabory cookie s\u00fa mal\u00e9 textov\u00e9 s\u00fabory, ktor\u00e9 sa ukladaj\u00fa do v\u00e1\u0161ho zariadenia pri n\u00e1v\u0161teve na\u0161ej str\u00e1nky. Pom\u00e1haj\u00fa n\u00e1m pochopi\u0165, ako n\u00e1v\u0161tevn\u00edci s na\u0161ou webovou str\u00e1nkou pracuj\u00fa, \u010do [&hellip;]","og_url":"https:\/\/www.virta.sk\/blog\/cookie-policy\/","og_site_name":"VIRTA knowledge base","article_modified_time":"2026-03-30T11:47:54+00:00","twitter_card":"summary_large_image","twitter_misc":{"Predpokladan\u00fd \u010das \u010d\u00edtania":"1 min\u00fata"},"schema":{"@context":"https:\/\/schema.org","@graph":[{"@type":"WebPage","@id":"https:\/\/www.virta.sk\/blog\/cookie-policy\/","url":"https:\/\/www.virta.sk\/blog\/cookie-policy\/","name":"Z\u00e1sady pou\u017e\u00edvania s\u00faborov cookie - VIRTA knowledge base","isPartOf":{"@id":"https:\/\/www.virta.sk\/blog\/#website"},"datePublished":"2026-03-30T11:46:46+00:00","dateModified":"2026-03-30T11:47:54+00:00","breadcrumb":{"@id":"https:\/\/www.virta.sk\/blog\/cookie-policy\/#breadcrumb"},"inLanguage":"sk-SK","potentialAction":[{"@type":"ReadAction","target":["https:\/\/www.virta.sk\/blog\/cookie-policy\/"]}]},{"@type":"BreadcrumbList","@id":"https:\/\/www.virta.sk\/blog\/cookie-policy\/#breadcrumb","itemListElement":[{"@type":"ListItem","position":1,"name":"Domovsk\u00e1 str\u00e1nka","item":"https:\/\/www.virta.sk\/blog\/"},{"@type":"ListItem","position":2,"name":"Z\u00e1sady pou\u017e\u00edvania s\u00faborov cookie"}]},{"@type":"WebSite","@id":"https:\/\/www.virta.sk\/blog\/#website","url":"https:\/\/www.virta.sk\/blog\/","name":"VIRTA knowledge base","description":"Odpovede na ot\u00e1zky z HR, compliance a AI. Stru\u010dn\u00e9 vysvetlenia, praktick\u00e9 kroky a pr\u00edklady pre firmy.","publisher":{"@id":"https:\/\/www.virta.sk\/blog\/#organization"},"potentialAction":[{"@type":"SearchAction","target":{"@type":"EntryPoint","urlTemplate":"https:\/\/www.virta.sk\/blog\/?s={search_term_string}"},"query-input":{"@type":"PropertyValueSpecification","valueRequired":true,"valueName":"search_term_string"}}],"inLanguage":"sk-SK"},{"@type":"Organization","@id":"https:\/\/www.virta.sk\/blog\/#organization","name":"VIRTA s.r.o.","url":"https:\/\/www.virta.sk\/blog\/","logo":{"@type":"ImageObject","inLanguage":"sk-SK","@id":"https:\/\/www.virta.sk\/blog\/#\/schema\/logo\/image\/","url":"https:\/\/www.virta.sk\/blog\/wp-content\/uploads\/2026\/03\/unnamed.png","contentUrl":"https:\/\/www.virta.sk\/blog\/wp-content\/uploads\/2026\/03\/unnamed.png","width":346,"height":346,"caption":"VIRTA s.r.o."},"image":{"@id":"https:\/\/www.virta.sk\/blog\/#\/schema\/logo\/image\/"},"sameAs":["https:\/\/www.linkedin.com\/company\/virta\/"]}]}},"jetpack_sharing_enabled":true,"_links":{"self":[{"href":"https:\/\/www.virta.sk\/blog\/wp-json\/wp\/v2\/pages\/29","targetHints":{"allow":["GET"]}}],"collection":[{"href":"https:\/\/www.virta.sk\/blog\/wp-json\/wp\/v2\/pages"}],"about":[{"href":"https:\/\/www.virta.sk\/blog\/wp-json\/wp\/v2\/types\/page"}],"author":[{"embeddable":true,"href":"https:\/\/www.virta.sk\/blog\/wp-json\/wp\/v2\/users\/1"}],"replies":[{"embeddable":true,"href":"https:\/\/www.virta.sk\/blog\/wp-json\/wp\/v2\/comments?post=29"}],"version-history":[{"count":1,"href":"https:\/\/www.virta.sk\/blog\/wp-json\/wp\/v2\/pages\/29\/revisions"}],"predecessor-version":[{"id":30,"href":"https:\/\/www.virta.sk\/blog\/wp-json\/wp\/v2\/pages\/29\/revisions\/30"}],"wp:attachment":[{"href":"https:\/\/www.virta.sk\/blog\/wp-json\/wp\/v2\/media?parent=29"}],"curies":[{"name":"wp","href":"https:\/\/api.w.org\/{rel}","templated":true}]}}